?
1
What is the millions digit of 1783212?
1
What is the ten millions digit of 23967574?
2
What is the thousands digit of 711485?
1
What is the hundreds digit of 113643?
6
What is the units digit of 354364?
4
What is the ten thousands digit of 2861346?
6
What is the hundred thousands digit of 8337965?
3
What is the ten thousands digit of 4360196?
6
What is the tens digit of 222814?
1
What is the thousands digit of 898702?
8
What is the hundred thousands digit of 914489?
9
What is the thousands digit of 26318?
6
What is the tens digit of 27896213?
1
What is the thousands digit of 2527141?
7
What is the thousands digit of 12711871?
1
What is the millions digit of 31662268?
1
What is the ten thousands digit of 23767252?
6
What is the tens digit of 7925418?
1
What is the tens digit of 1317406?
0
What is the ten thousands digit of 262661?
6
What is the millions digit of 21568972?
1
What is the millions digit of 4163448?
4
What is the tens digit of 8252868?
6
What is the thousands digit of 4166417?
6
What is the ten thousands digit of 608003?
0
What is the ten thousands digit of 251773?
5
What is the hundred thousands digit of 876973?
8
What is the ten millions digit of 10990996?
1
What is the hundreds digit of 57035?
0
What is the millions digit of 2038820?
2
What is the thousands digit of 2619345?
9
What is the hundred thousands digit of 1042643?
0
What is the hundreds digit of 921042?
0
What is the ten thousands digit of 195584?
9
What is the units digit of 1726403?
3
What is the hundred thousands digit of 2713876?
7
What is the hundred thousands digit of 852521?
8
What is the hundreds digit of 626016?
0
What is the hundreds digit of 1172773?
7
What is the hundreds digit of 636929?
9
What is the tens digit of 1599622?
2
What is the units digit of 470598?
8
What is the units digit of 7141639?
9
What is the hundred thousands digit of 3122030?
1
What is the thousands digit of 15557000?
7
What is the hundred thousands digit of 2521812?
5
What is the tens digit of 14654826?
2
What is the tens digit of 267976?
7
What is the tens digit of 121287?
8
What is the thousands digit of 28022581?
2
What is the hundreds digit of 234605?
6
What is the millions digit of 1202496?
1
What is the hundreds digit of 2227933?
9
What is the hundreds digit of 999170?
1
What is the tens digit of 1283467?
6
What is the millions digit of 10942277?
0
What is the hundred thousands digit of 2755909?
7
What is the millions digit of 9079250?
9
What is the tens digit of 1334270?
7
What is the millions digit of 12070713?
2
What is the hundred thousands digit of 4837684?
8
What is the units digit of 94892?
2
What is the units digit of 1372041?
1
What is the hundreds digit of 911811?
8
What is the thousands digit of 1516939?
6
What is the hundred thousands digit of 9340362?
3
What is the units digit of 887134?
4
What is the thousands digit of 247982?
7
What is the units digit of 10008106?
6
What is the thousands digit of 79967?
9
What is the tens digit of 176545?
4
What is the hundred thousands digit of 2186970?
1
What is the millions digit of 2144997?
2
What is the units digit of 80077?
7
What is the hundred thousands digit of 7975448?
9
What is the ten thousands digit of 6796600?
9
What is the tens digit of 10254630?
3
What is the units digit of 476727?
7
What is the millions digit of 1596581?
1
What is the ten thousands digit of 221842?
2
What is the units digit of 232727?
7
What is the ten thousands digit of 236100?
3
What is the millions digit of 2259896?
2
What is the tens digit of 260432?
3
What is the hundreds digit of 267681?
6
What is the hundred thousands digit of 1224310?
2
What is the hundreds digit of 831472?
4
What is the ten thousands digit of 195143?
9
What is the tens digit of 17514558?
5
What is the millions digit of 14556460?
4
What is the thousands digit of 342129?
2
What is the thousands digit of 1400023?
0
What is the thousands digit of 6465207?
5
What is the tens digit of 222426?
2
What is the hundred thousands digit of 964599?
9
What is the thousands digit of 170876?
0
What is the hundreds digit of 6054108?
1
What is the hundred thousands digit of 1353797?
3
What is the ten thousands digit of 25945249?
4
What is the tens digit of 5874917?
1
What is the tens digit of 1747843?
4
What is the thousands digit of 501124?
1
What is the ten thousands digit of 95791?
9
What is the ten millions digit of 29869575?
2
What is the hundreds digit of 4231965?
9
What is the ten thousands digit of 548466?
4
What is the hundred thousands digit of 218425?
2
What is the tens digit of 665088?
8
What is the hundred thousands digit of 42513627?
5
What is the units digit of 51717?
7
What is the thousands digit of 89158?
9
What is the hundred thousands digit of 683863?
6
What is the hundreds digit of 284678?
6
What is the thousands digit of 3517940?
7
What is the tens digit of 1067358?
5
What is the hundred thousands digit of 5568530?
5
What is the tens digit of 27807322?
2
What is the thousands digit of 2375464?
5
What is the thousands digit of 651232?
1
What is the ten millions digit of 11839600?
1
What is the tens digit of 1007787?
8
What is the hundred thousands digit of 3906145?
9
What is the thousands digit of 22673921?
3
What is the tens digit of 106001?
0
What is the hundred thousands digit of 1088215?
0
What is the ten thousands digit of 5228549?
2
What is the thousands digit of 1621916?
1
What is the units digit of 1238906?
6
What is the hundred thousands digit of 3823809?
8
What is the units digit of 422247?
7
What is the ten thousands digit of 253043?
5
What is the ten thousands digit of 509816?
0
What is the millions digit of 2404543?
2
What is the ten thousands digit of 572698?
7
What is the millions digit of 8863354?
8
What is the units digit of 3996848?
8
What is the hundred thousands digit of 2072717?
0
What is the units digit of 740375?
5
What is the tens digit of 319099?
9
What is the hundreds digit of 4809249?
2
What is the millions digit of 2129078?
2
What is the tens digit of 4155496?
9
What is the ten thousands digit of 131579?
3
What is the units digit of 19388?
8
What is the tens digit of 2595401?
0
What is the hundred thousands digit of 13326575?
3
What is the thousands digit of 76822?
6
What is the hundred thousands digit of 2250180?
2
What is the hundreds digit of 12142595?
5
What is the units digit of 19871161?
1
What is the hundred thousands digit of 1731963?
7
What is the units digit of 4534459?
9
What is the tens digit of 269924?
2
What is the thousands digit of 159200?
9
What is the hundred thousands digit of 304894?
3
What is the ten thousands digit of 106662?
0
What is the units digit of 2936381?
1
What is the millions digit of 1071311?
1
What is the thousands digit of 1986342?
6
What is the units digit of 257384?
4
What is the ten thousands digit of 1554138?
5
What is the ten thousands digit of 38026037?
2
What is the thousands digit of 1308744?
8
What is the thousands digit of 30913?
0
What is the ten millions digit of 15193529?
1
What is the hundred thousands digit of 1513210?
5
What is the hundreds digit of 136488?
4
What is the ten thousands digit of 565903?
6
What is the millions digit of 1372155?
1
What is the ten thousands digit of 125012?
2
What is the ten thousands digit of 2276630?
7
What is the units digit of 5538259?
9
What is the hundred thousands digit of 9317912?
3
What is the tens digit of 684291?
9
What is the units digit of 177932?
2
What is the hundreds digit of 215160?
1
What is the millions digit of 9113791?
9
What is the hundred thousands digit of 845553?
8
What is the ten thousands digit of 2267890?
6
What is the hundred thousands digit of 616072?
6
What is the tens digit of 5681053?
5
What is the tens digit of 2599694?
9
What is the ten millions digit of 18314817?
1
What is the tens digit of 2516630?
3
What is the hundred thousands digit of 2798283?
7
What is the units digit of 793754?
4
What is the hundreds digit of 220843?
8
What is the tens digit of 3446602?
0
What is the hundred thousands digit of 6075923?
0
What is the ten thousands digit of 2122804?
2
What is the units digit of 483187?
7
What is the tens digit of 12266177?
7
What is the ten thousands digit of 62054?
6
What is the ten thousands digit of 65478?
6
What